-9 + s + 3*s - 6*s + 3*s**2. Suppose 43*j + 189 = -20*j. Let f be v(j). Calculate the highest common factor of 16 and f.
8
Let q(g) = g**2 + 3*g - 1. Let a be q(8). Let d(i) = -14*i + 16 - 1 + 18*i + 14 - i**2. Let b be d(0). Calculate the highest common divisor of a and b.
29
Suppose -4*z + 305 = 3*r, 0 = 3*r + 3 - 0. Suppose 285*q - 284*q = 64. Suppose 0 = 74*f - q*f - 110. What is the highest common factor of f and z?
11
Let u(n) = -4*n**2 + 24*n + 10. Let d = -219 - -224. Let m be u(d). What is the highest common divisor of 20 and m?
10
Let p(z) be the third derivative of z**6/120 + z**5/10 - 5*z**4/8 - 20*z**3/3 - z**2 + 50*z. Let u be p(-4). Calculate the highest common divisor of 156 and u.
52
Let r be (-1 + 0)/((-3)/105). Let o(f) = -1009*f + 875. Let j be o(0). Calculate the greatest common divisor of r and j.
35
Let i be -1 + 5*(-1)/(-5). Suppose 21*p - 17*p - 152 = i. Calculate the highest common factor of p and 19.
19
Let f = -321 - -147. Let s = -116 - f. Let l be (12/16)/((-5)/(-580)). What is the greatest common factor of s and l?
29
Let b be (-14)/7*(-14)/(-4). Let c be 9/(9/2) - b. Calculate the greatest common divisor of c and 207.
9
Let a be (-89224)/(-56) - (-4)/(-12)*18/21. Calculate the highest common factor of 59 and a.
59
Let j be (-9)/36*-8 + 0. Suppose 3*f - 6 = -j*u, 3*u + 9*f - 43 = 13*f. Calculate the greatest common divisor of u and 297.
9
Suppose 3*g - 20 = 22. Suppose -79 = -3*j + 4*q, -j - 5 = 3*q - g. Suppose -13*h - 192 = -j*h. Calculate the greatest common divisor of h and 48.
24
Let z(n) = n**3 - 12*n**2 - 17*n - 36. Let w be z(17). Calculate the greatest common divisor of w and 392.
56
Suppose 2*r - 13872 = -5*i - 1714, 2*r = 4*i - 9730. Let u be i/57 - (-5)/(-3). Calculate the greatest common factor of u and 369.
41
Let v be 177 + 3 + 2*(-4)/(-8). What is the greatest common factor of v and 1?
1
Let d be 177/9 - (-5)/15. Suppose 0 = 14*y + 3*y - 34. Suppose 0 = 3*p - 9, -y*k - 3*k + 706 = 2*p. What is the highest common divisor of d and k?
20
Suppose -4*v + 101 = -75. Suppose -306 = 12*w - 18. Let g = w + v. What is the greatest common divisor of g and 40?
20
Suppose -4*n + 153 = 9. Suppose -19 = -6*a + 35. Calculate the greatest common factor of a and n.
9
Let d be (-955)/(-15) + 3/9. Let g = 54 - d. Let o be (-206)/g + (-18)/(-45). What is the greatest common divisor of 3 and o?
3
Let d be (-9)/(1 + (-122)/116). Let h = 115 - 233. Let q = h + d. Calculate the highest common factor of q and 140.
28
Suppose -31*d - 1906 = -8*d - 7541. What is the highest common factor of 35 and d?
35
Let i(j) = 174*j**2 + 7*j - 6. Let u be i(3). Suppose 7*r + k = 10*r - u, 531 = r + k. What is the greatest common divisor of 48 and r?
48
Suppose 4*q - 1300 = 4*g, -2*g - 734 - 576 = -4*q. Calculate the highest common factor of 1230 and q.
30
Let x(q) = 2*q**2 + 10*q + 2. Let v be x(-7). Suppose -12 = -9*k - 3. Let s be -8 - -4 - 79/k*-1. Calculate the greatest common factor of v and s.
15
Let h(j) = j**2 + 53*j + 147. Let s be h(-52). Let x = -60 - -75. What is the greatest common divisor of x and s?
5
Suppose 36062 = -51*m + 295244. Calculate the greatest common divisor of m and 42.
42
Let c = 75 + -20. Suppose 44*b - 35*b - 359*b + 232899 = -17351. Calculate the greatest common factor of c and b.
55
Suppose 7*s - 6*s - z = -390, -1938 = 5*s - 2*z. Let k = s + 610. What is the highest common divisor of 28 and k?
28
Let x = 1229 + -1771. Let o = -539 - x. What is the highest common divisor of o and 243?
3
Let c be 1 + -8 + 4 + 246/(-3). Let q = c - -95. What is the highest common factor of 80 and q?
10
Let x(w) = w**3 + 59*w**2 - 99*w - 543. Let v be x(-60). What is the greatest common divisor of v and 6?
3
Let c be (-15)/3 + (0 + 20 - -1). Suppose c*v - 1826 = 14. What is the greatest common divisor of v and 46?
23
Suppose -2*i - 2 + 268 = 0. Suppose -53*g + 46*g - 322 = 0. Let x be (g/(-4) - 2)/((-13)/(-26)). Calculate the greatest common factor of i and x.
19
Suppose 4*j - 620 = 2*j. Let w(o) = -o**3 - 12*o**2 - 32*o - 14. Let r be w(-9). Calculate the greatest common factor of r and j.
31
Let x(r) = 100*r + 2550. Let g be x(-25). What is the greatest common factor of g and 325?
25
Let d(i) = 9*i**2 - 17*i + 3. Let b be d(6). Suppose b = -73*w + 78*w. Let o = -37 + w. Calculate the highest common factor of o and 20.
4
Let u be ((1 - 6) + 20)/3. Let k be (172 + (u - 1))*1. Let f = k + -95. What is the highest common factor of f and 54?
27
Let m be 115/(-23)*(-2 - 1). Suppose -2*o + m = 5*t, 0*o + 3*o - 11 = 4*t. Calculate the highest common divisor of o and 2.
1
Suppose 24*q = 10*q - 0*q + 1260. What is the highest common factor of q and 555?
15
Let s be -6*2/(-12) - 3/(-1). Let h be 21/(-42) - (-14)/s. Suppose -2*i = -3*i - 5, -i - 1 = 4*b. What is the greatest common divisor of b and h?
1
Suppose 0*n + 2*n - y = 9, n + y = 0. Let v(i) = i**2 - 2*i - 5. Let l be v(4). Suppose -16*x + l = -525. Calculate the highest common divisor of n and x.
3
Let o be (20/6)/(2/3). Suppose 3*h - 72 - 167 = -o*r, 253 = 5*r - 4*h. What is the highest common divisor of 245 and r?
49
Let d = -270 + 272. Suppose -4*q + 3*h + 89 = 0, 13 + d = -5*h. What is the greatest common factor of q and 50?
10
Let v(s) = s**3 - 63*s**2 - 79*s + 1090. Let w be v(64). Calculate the greatest common factor of 2704 and w.
26
Let u be (-18)/(-6) - 4/1. Let k = 51 + -48. Let o be (-16)/u + (k - -3 - 7). What is the highest common factor of o and 165?
15
Suppose -4*j - 9 = -65. Let m = -733 + 737. Calculate the greatest common divisor of j and m.
2
Suppose -259 = -x + 5*c, -x - 67*c = -68*c - 239. Calculate the highest common divisor of 1 and x.
1
Suppose -14503*r = -14489*r - 5320. Calculate the greatest common factor of r and 1180.
20
Let m(l) be the second derivative of -l**5/10 + l**4/12 + l**3/2 + l**2 + l + 14. Let g be m(-2). Calculate the highest common divisor of 48 and g.
16
Let a(l) = 94*l - 2. Let n be a(1). Let u = 3845 - 3837. What is the greatest common divisor of n and u?
4
Let c(y) = -40*y - 164. Let r be c(-13). Calculate the greatest common divisor of r and 4717.
89
Suppose 0 = 6*s + 92 + 16. Let r be (16 - 11)/(3 - (-52)/s). What is the highest common factor of 5 and r?
5
Let l = 33 - 9. Suppose -337 = -3*t - 64. Suppose -4*p = 3*g - 164, 2*p - p = 2*g - t. What is the greatest common factor of g and l?
24
Suppose 41*z - 90881 = -33*z + 204749. Calculate the greatest common divisor of z and 423.
47
Let r = 1621 - 596. Suppose -86*n = -81*n - r. Calculate the greatest common factor of 82 and n.
41
Suppose -30 = 6*z - 7*z. Suppose l + 80 = 3*b - 4*l, 4*b - 2*l = 88. Calculate the highest common factor of b and z.
10
Let m be ((-2 - -1)*1)/(3 - (-7600)/(-2530)). What is the highest common divisor of 1403 and m?
23
Let h = -295 + 304. Let i = 2 + 7. Suppose -4*p = y + i, 5*y - y = p + 15. What is the highest common factor of h and y?
3
Suppose -184*y - 12 = -180*y. Let v(c) = 5*c**2 + 11*c + 24. Let w be v(y). What is the greatest common divisor of 144 and w?
36
Suppose -4*n + 5*v = -1332, 1251 - 252 = 3*n - 3*v. Suppose 0 = -16*g + 375 - 231. Calculate the greatest common divisor of g and n.
9
Suppose 4 + 13 = k - 2*a, 0 = -3*a + 15. Calculate the highest common factor of k and 7.
1
Let s be 4/(-14) + 44/7. Let k = -151 + 182. Let g = k - 13. Calculate the greatest common factor of g and s.
6
Let u(k) = 2*k**3 + 45*k**2 + 15*k - 298. Let s be u(-14). Calculate the greatest common divisor of s and 8.
8
Let t(b) = -b**3 - 10*b**2 + 10*b + 16. Let m be (38/57)/(4/(-66)). Let z be t(m). Calculate the greatest common divisor of 36 and z.
9
Let g = 194 - 90. Let i = -271 - -273. Suppose -i*t = -11*t + 234. Calculate the highest common divisor of g and t.
26
Let p(z) = z**3 + 2*z**2 + 2*z + 114. Suppose -142*j = -156*j. Let y be p(j). What is the greatest common factor of y and 24?
6
Let i be ((-339)/9)/((-21)/63). Let f = 273 - i. Calculate the greatest common factor of 5 and f.
5
Suppose 8*c - 1456 - 2477 = -925. Calculate the greatest common factor of c and 329.
47
Let c = -5997 + 6085. Calculate the greatest common divisor of 792 and c.
88
Let h(x) = -14*x. Suppose 0 = 5*d - 20, -5*s + 17 = -6*s + 4*d. Let b be h(s). Suppose 7237*r - 7238*r = 